 0 + -1001010110111010?
-1001010110111010
In base 6, what is -40120 - -34?
-40042
In base 12, what is a3b6 - 1?
a3b5
In base 12, what is -233b8 - 8?
-23404
In base 13, what is -2 + -29876?
-29878
In base 16, what is 3b8 - 12f?
289
In base 8, what is 1567 - 220?
1347
In base 5, what is 0 + 11021203?
11021203
In base 6, what is 2013 - -105?
2122
In base 9, what is 13611 + 26?
13637
In base 7, what is -213 + -6302?
-6515
In base 2, what is -1000000110101000111000 - -1?
-1000000110101000110111
In base 7, what is 14 + 123260?
123304
In base 12, what is 2 + 15427?
15429
In base 2, what is -101001001111 - -1000101?
-101000001010
In base 2, what is -1010 - 100010101?
-100011111
In base 14, what is 3 - 15aa1d?
-15aa1a
In base 12, what is 1809 + 56?
1863
In base 13, what is -6 + 18637?
18631
In base 15, what is -5474a - 5?
-54750
In base 12, what is 820 + 187?
9a7
In base 16, what is -3 + -315a3?
-315a6
In base 15, what is 529ae + -3?
529ab
In base 8, what is -21410 + -4?
-21414
In base 2, what is -100111101101001 - -11?
-100111101100110
In base 13, what is -146c8 + 0?
-146c8
In base 6, what is 3441310 - 2?
3441304
In base 3, what is 22210 + -1002002?
-202022
In base 5, what is -100011 - 1?
-100012
In base 5, what is -104004310 + -2?
-104004312
In base 9, what is -5 + -6658?
-6664
In base 7, what is -2254 + -151?
-2435
In base 6, what is -12331520 - 3?
-12331523
In base 15, what is -263c + d?
-262e
In base 13, what is 1c - -6598?
65b7
In base 10, what is -3 - 40536?
-40539
In base 8, what is -5316403 + 1?
-5316402
In base 8, what is 10312427 - 4?
10312423
In base 11, what is 70 - 1a344?
-1a284
In base 4, what is 1231 - 1111?
120
In base 14, what is -c1 + -4967?
-4a48
In base 16, what is 47 + -2533?
-24ec
In base 9, what is 2 + -21307?
-21305
In base 16, what is 5 + -9699?
-9694
In base 15, what is 2 + cd9e8?
cd9ea
In base 11, what is -21807 - 19?
-21825
In base 3, what is 220 + -210?
10
In base 11, what is 1a07 - -406?
2312
In base 4, what is -1101 + -2200012?
-2201113
In base 6, what is 302 + 1524?
2230
In base 4, what is 3102 + -2?
3100
In base 15, what is -19 + 6d4?
6ba
In base 13, what is 9 + -155a?
-1551
In base 4, what is -13 - 1210110?
-1210123
In base 6, what is -142 - 1034?
-1220
In base 16, what is -3 + -4e663?
-4e666
In base 6, what is 1003113 - -2?
1003115
In base 7, what is -5 - 23602?
-23610
In base 2, what is -101000111100111110111 + 11?
-101000111100111110100
In base 5, what is -320 + -223?
-1043
In base 14, what is 35ba8 - 0?
35ba8
In base 10, what is -9 - 7989?
-7998
In base 8, what is -710057 + 5?
-710052
In base 10, what is 1727959 + -5?
1727954
In base 3, what is -12101 - -210?
-11121
In base 3, what is 11212 + 21212100?
22001012
In base 4, what is -1210002 + 11212?
-1132130
In base 8, what is -1545 - 170?
-1735
In base 3, what is 10 + 12201210000?
12201210010
In base 15, what is 225 - -c12?
e37
In base 2, what is -110000011110 + -11111?
-110000111101
In base 11, what is 4 + 68a2?
68a6
In base 8, what is 1 + -712517?
-712516
In base 15, what is -18a87 - -6?
-18a81
In base 8, what is -3 - 1302?
-1305
In base 16, what is 2b56 + -f?
2b47
In base 13, what is -36464 - 5?
-36469
In base 16, what is -3 + 5b25?
5b22
In base 12, what is -7 - 24364?
-2436b
In base 5, what is -34222 + 13?
-34204
In base 12, what is -3406 - 21?
-3427
In base 2, what is 100 + 10011010100?
10011011000
In base 14, what is -32 + -b74?
-ba6
In base 5, what is -4232 + -4443?
-14230
In base 7, what is -2162064 - 3?
-2162100
In base 5, what is -121 + -410?
-1031
In base 5, what is -1230241 + -10?
-1230301
In base 16, what is -28b5 - -2a?
-288b
In base 5, what is -2214 - -324?
-1340
In base 12, what is -4 - 13a36?
-13a3a
In base 3, what is -10210002211 - 20?
-10210010001
In base 7, what is 5551515 - 6?
5551506
In base 8, what is -7507 + 225?
-7262
In base 4, what is 22320101 + -1?
22320100
In base 10, what is -18771 - 15?
-18786
In base 16, what is -5 + 56224?
5621f
In base 12, what is -976 + -148?
-b02
In base 8, what is -12073 - 5?
-12100
In base 5, what is -11 - -421043?
421032
In base 4, what is -130210012 + 11?
-130210001
In base 13, what is 37765 + -1?
37764
In base 6, what is -300041 + 13?
-300024
In base 16, what is 2d84 - 1?
2d83
In base 4, what is 2002 + 100301?
102303
In base 14, what is 1295 + -6?
128d
In base 7, what is -43621 - 15?
-43636
In base 13, what is -22 + 3a4?
382
In base 9, what is -17 + 4224?
4206
In base 3, what is 2 - 110000211021?
-110000211012
In base 7, what is 2013114 + 11?
2013125
In base 8, what is 61444 + 4?
61450
In base 5, what is -1434201 + 1?
-1434200
In base 3, what is 221 - -101202?
102200
In base 10, what is -6 + -14503?
-14509
In base 13, what is -13 + 4192?
417c
In base 4, what is 2200021223 + -11?
2200021212
In base 12, what is 4 + 55760?
55764
In base 12, what is -20 - 222?
-242
In base 16, what is 6 - -3e85?
3e8b
In base 9, what is 18816 + 316?
20233
In base 15, what is -d9 + -11b?
-205
In base 11, what is 106913 - 2?
106911
In base 7, what is -22632301 - -4?
-22632264
In base 14, what is -11a + 40b6?
3d9a
In base 10, what is 43 - 1019?
-976
In base 3, what is -1201020 + 101200?
-1022120
In base 14, what is 2a712 - -2?
2a714
In base 6, what is 3035222 + 1?
3035223
In base 15, what is -2 - -23d9?
23d7
In base 3, what is -112102121 + 100100?
-112002021
In base 13, what is -16 + -5169?
-5182
In base 7, what is 5 + 23664?
24002
In base 16, what is 4c + -d7?
-8b
In base 16, what is -4 + -adb?
-adf
In base 9, what is 122 + 78?
211
In base 14, what is -8 + 115c29?
115c21
In base 15, what is 186565 - -5?
18656a
In base 3, what is -12222 - -21100?
1101
In base 14, what is -1b2912 + -3?
-1b2915
In base 4, what is 11 - -1220001?
1220012
In base 4, what is 210 - 2322310?
-2322100
In base 11, what is -3 + 1194?
1191
In base 5, what is -4431 + -130314?
-140300
In base 12, what is 171b + -74?
1667
In base 16, what is -2d - -26f?
242
In base 2, what is -110110101111011 - 1101?
-110110110001000
In base 16, what is -5 + -e830?
-e835
In base 13, what is 39b - -427?
7c5
In base 5, what is 1 + 31430?
31431
In base 6, what is -105545 - -1?
-105544
In base 2, what is -11111110 + 110100?
-11001010
In base 6, what is 4054 + 100003?
104101
In base 3, what is -20210120 - 0?
-20210120
In base 13, what is 158 + -c5c?
-b04
In base 13, what is -101927 + -3?
-10192a
In base 15, what is -27a2 + -a?
-27ac
In base 9, what is -28 - -56?
27
In base 2, what is 1100001 - -10000010?
11100011
In base 11, what is -55a38 + -2?
-55a3a
In base 7, what is 644002 - -2?
644004
In base 4, what is 110311033 - 10?
110311023
In base 15, what is 11d22 + -15?
11d0c
In base 11, what is 0 - 19321?
-19321
In base 6, what is 40 - 130204?
-130124
In base 14, what is 6 - -4241?
4247
In base 14, what is d7 + -3453?
-335a
In base 14, what is 2c + 4c?
7a
In base 8, what is -6 - -13014?
13006
In base 16, what is 3d2 - 154?
27e
In base 13, what is -32 + a971?
a93c
In base 8, what is -1747607 - -4?
-1747603
In base 7, what is 3 + 443631?
443634
In base 8, what is 1364 + -610?
554
In base 2, what is 111010111001101111 - 10001?
111010111001011110
In base 3, what is 20122000210001 + 10?
20122000210011
In base 14, what is -249b5 - -2?
-249b3
In base 11, what is -666a - 127?
-6796
In base 4, what is -11 - -10101221?
10101210
In base 9, what is -20 - -2804?
2774
In base 10, what is -352 - -10511?
10159
In base 10, what is -5212 + 53?
-5159
In base 6, what is 11415045 + 2?
11415051
In base 9, what is 5 - -36172?
36177
In base 14, what is bac7 - -2a?
bb13
In base 4, what is 102321 - 132?
102123
In base 3, what is -121001002001 - 12?
-121001002020
In base 6, what is -14 - -431422?
431404
In base 5, what is 22133 - 331?
21302
In base 12, what is 49 + -13a?
-b1
In base 10, what is -3443 + -15?
-3458
In base 10, what is -3 + 9447?
9444
In base 12, what is -8 + 1589b?
15893
In base 14, what is -28 - 307?
-331
In base 5, what is 210030 + -10?
210020
In base 5, what is 24 - 141?
-112
In base 3, what is -12 + -2012000000012?
-2012000000101
In base 8, what is 2130535 - 3?
2130532
In base 2, what is 1001001 - -111010000110111?
111010010000000
In base 14, what is -b6a66 - 5?
-b6a6b
In base 13, what is -324c - b?
-325a
In base 10, what is 0 - -8679?
8679
In base 9, what is 0 - 45665?
-45665
In base 2, wh